 + h - 1542 = 0. Let s = j - -1772. Is s a composite number?
False
Let w(s) = 7*s - 51. Let q be w(8). Suppose 9*k - 13*k = -3*n + 10007, -q*n + 16689 = -4*k. Is n a composite number?
True
Is -371559*(176/(-24))/22 a composite number?
False
Suppose -4*f + 1996240 + 6364318 = -5*t, -3*t - 10450717 = -5*f. Is f a composite number?
False
Suppose -7*m - 25*m = -128. Suppose -57681 = -m*c - 5*s, -2*c + s + 8617 + 20206 = 0. Is c a prime number?
False
Suppose -2*n + 89589 = -3*o, 0 = 61*n - 57*n + 4*o - 179128. Is n a composite number?
True
Let m(z) = 222*z**2 + 3*z + 7. Let v be (-510)/65 + 2 - (-2)/(-13). Is m(v) a prime number?
False
Let y be (-6820)/(-9) - (-8)/36. Suppose -6*l + l + y = 3*h, -l = -2*h + 501. Suppose 0 = -2*w + w + h. Is w prime?
True
Let x(d) = -24*d**3 - 2*d**2 - 9*d - 74. Suppose 1 + 9 = -4*q - 5*z, -4*q = -3*z + 26. Is x(q) a composite number?
True
Let d(g) = 8*g - 33. Let l be d(5). Is l/(-49) - (3 - (-2300)/(-28)) a composite number?
False
Let w be ((-12)/(-15))/((-2)/(-1905)). Suppose l - 3*f = -w + 7226, 5*f = -5*l + 32220. Is l prime?
True
Let i(o) = o**3 + 53*o**2 + 41*o + 2155. Let c be i(-53). Let x(g) = -3*g - 4*g**2 - 5*g**2 + 11 - 7*g**2 - g**3. Is x(c) a composite number?
True
Suppose 3*v + 415845 = 3*d, 199*v + 554440 = 4*d + 190*v. Is d composite?
True
Let m = 30 + -30. Suppose 0*c - c = m. Suppose -9*v + 4821 - 402 = c. Is v a prime number?
True
Suppose -d + 2553 = 5*p + 1037, -2*p + 6100 = 4*d. Suppose -y + d = -b, 4*b = 2*y - 402 - 2656. Is y a prime number?
True
Let l = 53637 + 75464. Is l composite?
True
Suppose -28*r + 142*r = 36216204. Is r a prime number?
False
Let p be (45/18)/(-1*3/18). Let l be 1*(-1)/2*(5 + p). Suppose -l*u + 2*m = -0*u - 6015, 0 = -2*m - 10. Is u composite?
False
Let v be 3772 + 4 + (0 - (8 + -4)). Suppose -4*t - 2*o = -3076, 4*t - 4*o + 696 = v. Is t a prime number?
True
Let t(k) be the third derivative of 83*k**4/24 - 43*k**3/3 - 18*k**2 - 2. Is t(21) composite?
False
Let i(f) be the first derivative of -9*f**2/2 + 13*f - 36. Is i(-6) composite?
False
Suppose d = 4*u + 363 + 2376, -5*d = 2*u + 1375. Let f = u - 2266. Let w = 6768 + f. Is w a prime number?
False
Suppose 5*j = -0*x - 4*x + 9, 0 = -3*x - 3*j + 3. Is (-11458 - 9)/(x/8*2) a composite number?
False
Suppose 0 = -3*o + 5*x + 27 - 5, -4*o = -2*x - 20. Let j be o*3/(-2) + -3. Is (470 + j)/((-2)/(-14)) composite?
True
Let k(f) = -4043*f**3 - 9*f**2 + 6*f + 97. Is k(-3) composite?
False
Suppose j - 123057 = 2*m, 5*j + 4*m = 473142 + 142129. Is j a composite number?
True
Let d be (102/85)/((-2)/(-20)). Is (-2)/(-16)*(13322 + -4)*d prime?
False
Let y(v) = 33*v**2 + 2*v + 2 + 14 + 6 + 14. Is y(-7) a composite number?
True
Suppose -2*j + 3*y + 259118 = 0, 3*j = 4*y - 2*y + 388667. Is j composite?
False
Suppose 5*l - 4*g = 607877, 5*l + 6*g - 607883 = 7*g. Let v = l + -56904. Is v composite?
True
Let v(t) = t**3 - 2 + 5*t + 6*t**3 - 8*t**3 + 1 - 5*t**2. Let k be v(-6). Suppose 4 = 2*r, k*r = -2*y - 3*y + 11595. Is y composite?
True
Suppose -2*a = 2*x - 7*x - 55, a + 2*x - 23 = 0. Suppose 32*s = 12*s - 12200. Let y = a - s. Is y a composite number?
True
Let d(g) = 7*g**3 + 6*g**2 + 9*g + 11. Let i(w) = 14*w**3 + 13*w**2 + 19*w + 22. Let v(a) = 13*d(a) - 6*i(a). Is v(7) prime?
False
Suppose -14*y + 132330 + 592072 = 0. Is y composite?
True
Suppose -106265 = 5*m - 2*g - 504942, -3*g + 239223 = 3*m. Is m/57 + 12/114 prime?
True
Let r = -109 - -113. Suppose -40800 = -r*z - 16228. Is z prime?
True
Suppose -4*t = -42205 - 22219. Suppose -10*q + 41384 = -t. Is q a composite number?
False
Let z(n) = -n**3 - 13*n**2 - 14*n - 17. Let c be z(-12). Let y(d) = -d**3 + 17*d**2 + d - 7. Let s be y(17). Suppose 4443 = -c*t + s*t. Is t prime?
True
Let c be 36/(-9) - 12/(-2). Suppose c*a = -2*a. Suppose -7*u + 4*u + 2637 = a. Is u a composite number?
True
Let m = 84033 - -109040. Is m a composite number?
False
Suppose 3*d = -5*w + 631, 10*w - 15*w + 637 = d. Is (-9)/(-24) + 397904/w composite?
False
Let s = 225 + -221. Let z(n) = 113*n**3 - 3*n**2 + 10*n - 5. Is z(s) composite?
False
Suppose -5975989 = -53*i - 2206682. Is i composite?
False
Suppose 0 = -12*g - 17068 - 31604. Let q = g + 5809. Is q composite?
False
Suppose 3*r = -3*o + 3252, -o - 21*r = -26*r - 1102. Is o prime?
True
Suppose -154*i + 83718659 = 233*i + 8999408. Is i prime?
True
Let t = 31631 - -22716. Is t a composite number?
False
Suppose 2*s - 169 = i, 0 = 4*s - 6*i + 3*i - 341. Suppose -s = 9*k - 8*k. Is (k/(-2))/(6/12) composite?
False
Let m(u) = 113*u - 21. Let x(z) = -4*z + 1. Let p(o) = m(o) + x(o). Is p(1) composite?
False
Let i(u) be the third derivative of u**6/12 + 29*u**5/120 - u**4/8 + 5*u**2. Let k(y) be the second derivative of i(y). Is k(14) a composite number?
True
Let o = 27 + -19. Suppose 5*q = -3*w + q + o, 0 = 5*w - q - 21. Suppose -w*p = 3*c - p - 78, 5*c + 2*p - 115 = 0. Is c a composite number?
True
Let o(n) = -79*n - 1. Let s be o(7). Let j = s + 811. Is j composite?
False
Suppose -2*w = -4*b - 2, -w = -6*w - 3*b + 18. Let y(k) = -1077*k - 33 - 9 - 14*k**2 + 1063*k + k**w. Is y(17) composite?
False
Suppose -5*m - 341212 = -37*a + 33*a, 0 = -m. Is a composite?
False
Suppose 3*f = 4*h + 1940, 4*f - h - 3205 = -f. Let b = 745 + f. Is b composite?
True
Let s be -4 - 11/(99/(-63)). Let x(c) = 68*c - 9. Let m(i) = 136*i - 17. Let f(q) = 4*m(q) - 7*x(q). Is f(s) composite?
False
Let n be (-10 - -112)/((-6)/(-28)). Let t be -2 - (0 + -4 - n). Suppose 4*v - t = -2*q, 3*v - v - 2*q - 236 = 0. Is v a prime number?
False
Let f = -671 - -1294. Is f a prime number?
False
Suppose -c - 3*c + 2630 = t, -2*t - 2636 = -4*c. Suppose 14*x = 16*x - c. Is x a composite number?
True
Suppose 0 = -89*z + 90*z. Suppose -2*l - l = -3*f - 2262, 2*l - 3*f - 1511 = z. Is l a prime number?
True
Suppose -51 - 47 = 7*x. Let w(p) = -2436*p - 7. Is w(x) composite?
True
Let b = 1241 + 929. Suppose 3*x + b - 6223 = 0. Let t = -830 + x. Is t composite?
False
Let i(n) = -n**3 + 14*n**2 - 31*n - 18. Let d be i(11). Is 2 + d/((-28)/(-212751)) composite?
True
Is 2*(24867256/240 - (-6)/(-90)) a composite number?
False
Let x(b) = 13160*b - 71. Is x(3) prime?
True
Let k be (5 - 259/35)*5. Is k - (1 + -8) - -6436 composite?
True
Suppose -2*f + p = 45148 - 305365, 520439 = 4*f + 3*p. Is f a composite number?
True
Let s = 1987 + -1514. Is s composite?
True
Let v = 1857719 - 1207156. Is v a composite number?
False
Suppose 0 = 3*p + 60 - 69. Suppose 4*s + 12 = 0, p*o + 0*s = -4*s + 4194. Is o a composite number?
True
Suppose 39065 = 4*z - 3*y, -76*y = -2*z - 77*y + 19515. Is z composite?
True
Let r be (4 - 4/3) + 2/6. Let g be (3 + 0 - 1) + 2. Suppose -r*d + 739 = -0*d - g*c, 743 = 3*d - 2*c. Is d prime?
False
Let j = 68 + -64. Is (-66709)/(-76) + (-3)/j prime?
True
Suppose 25*g - 1347440 - 1752535 = 0. Is g composite?
True
Suppose 140*t + 24*t = 18482636. Is t a composite number?
True
Let y be (13 - 12)/((-1)/6)*-8. Let h = 926 - y. Is h a composite number?
True
Let y(d) = d**2 + 20*d - 71. Let o be y(3). Is (-92530)/(-110) + o/11 prime?
False
Suppose 2*t = -m - 206, -4*t + 2*m + m - 422 = 0. Let j be t - (3 + -8 + 1). Let n = j + 239. Is n a prime number?
True
Let y be ((-6)/4)/(1/(-2)*1). Suppose 4*w = -2*x + 166 + 96, -y*w = 4*x - 514. Is x a composite number?
False
Let t(g) = 4*g**3 + 57*g**2 - 355*g + 83. Is t(39) prime?
False
Suppose -3*f = d - 52, -69*d + 71*d + 76 = 4*f. Let w(x) = 4*x**2 - 7*x - 9. Let t(o) = o + 1. Let v(r) = 2*t(r) + w(r). Is v(f) composite?
True
Let n(d) = -13*d**3 - 17*d**2 + 14*d - 97. Is n(-21) composite?
True
Let s = -12 - -12. Suppose s = -8*m - 14*m + 54098. Is m a composite number?
False
Suppose 0 = y + 4, 3*r - 63*y - 124751 = -61*y. Is r composite?
True
Let b be 1 + 0 - (22 + -22). Let f(s) = 11*s**3 + 2*s**2 + 8*s + 7. Let m(x) = -x**3 - x**2 - x - 1. Let i(a) = b*f(a) + 6*m(a). Is i(4) a composite number?
True
Let r = 775 - 771. Let j be 15087/12 + 2/(-8). Suppose j = -i + r*i. Is i a composite number?
False
Suppose 2*v - 182 = -0*a - 2*a, 2*a = 3*v - 293. Suppose v = -3*d - 538. Let q = -20 - d. Is q prime?
True
Let x(j) = -5*j + 5059. Is x(0) composite?
False
Let b(o) = -6*o + 9. Let f be b(-11). Let l be 4/10 - (-5)/(f/20274). Suppose 0 = -4*t + l + 2012. Is t